-194d6 (base 14) in base 9?
-106814
-5be (base 16) to base 12
-a26
-13260 (base 9) to base 16
-2304
104423 (base 5) to base 12
21b6
What is 723 (base 9) in base 13?
363
-102625 (base 7) to base 14
-66bc
Convert 1220112 (base 3) to base 14.
715
Convert 8e2 (base 15) to base 14.
a3a
220120022 (base 3) to base 2
100010111110101
Convert 85a (base 16) to base 4.
201122
-1130 (base 5) to base 15
-b0
Convert -1ac (base 15) to base 5.
-3022
What is -1201002211 (base 3) in base 6?
-415334
What is -95 (base 10) in base 15?
-65
What is -83 (base 12) in base 14?
-71
1267 (base 10) to base 7
3460
642 (base 13) to base 11
891
46363 (base 8) to base 14
7271
-76101 (base 8) to base 10
-31809
1020020 (base 4) to base 9
6288
-b2d (base 15) to base 5
-40033
What is -151c (base 16) in base 3?
-21102011
What is -260 (base 11) in base 3?
-102102
What is 917 (base 13) in base 16?
605
Convert -602 (base 9) to base 3.
-200002
Convert 2412032 (base 5) to base 2.
1010111001100010
11432 (base 6) to base 2
11010001100
Convert 21eb (base 16) to base 15.
288d
Convert 5aa (base 11) to base 2.
1011010101
Convert 111011000 (base 2) to base 5.
3342
What is -1304 (base 5) in base 8?
-314
What is -b1e7 (base 16) in base 7?
-246531
Convert 524 (base 11) to base 2.
1001110111
Convert -11000001110 (base 2) to base 16.
-60e
What is -32 (base 11) in base 3?
-1022
-2111222112 (base 3) to base 12
-2481b
What is -64d (base 14) in base 7?
-3426
-21112111 (base 3) to base 8
-12566
-71 (base 15) to base 14
-78
Convert 5314 (base 6) to base 16.
4ae
Convert 15185 (base 14) to base 7.
305625
323212 (base 4) to base 3
12020021
Convert 1505 (base 6) to base 14.
209
Convert -504 (base 15) to base 16.
-469
Convert 3bb (base 13) to base 11.
551
What is -11323 (base 6) in base 16?
-663
What is 170 (base 11) in base 6?
530
Convert -1021 (base 5) to base 13.
-a6
-401 (base 6) to base 9
-171
What is 23333 (base 4) in base 15?
362
Convert 4b5f (base 16) to base 11.
13551
-16026 (base 8) to base 10
-7190
What is -6823 (base 10) in base 7?
-25615
Convert -1c33 (base 14) to base 9.
-7042
473 (base 9) to base 3
112110
What is 12131 (base 4) in base 14?
217
18068 (base 9) to base 3
122002022
-17525 (base 9) to base 6
-131552
Convert -223 (base 16) to base 7.
-1411
Convert -1432 (base 8) to base 16.
-31a
What is 12312 (base 6) in base 4?
130310
What is 25256 (base 7) in base 9?
10115
What is -5140 (base 6) in base 2?
-10001110100
What is 6548 (base 11) in base 15?
2863
Convert -663 (base 10) to base 7.
-1635
Convert -722 (base 10) to base 3.
-222202
53753 (base 8) to base 6
252111
Convert 1a3b3 (base 12) to base 14.
100bd
-173 (base 16) to base 10
-371
Convert 7797 (base 10) to base 15.
249c
Convert 10065 (base 7) to base 16.
990
What is -59b (base 13) in base 15?
-44d
5682 (base 15) to base 9
27145
What is -2c99 (base 14) in base 12?
-4747
Convert 1103101 (base 4) to base 3.
21022101
What is 1314 (base 9) in base 2?
1111011001
What is 2424 (base 5) in base 3?
111111
What is c8a (base 13) in base 3?
2221100
-115 (base 15) to base 5
-1440
Convert -985 (base 15) to base 5.
-32100
What is 5440 (base 10) in base 5?
133230
Convert -10075 (base 9) to base 6.
-50405
What is 16f (base 16) in base 7?
1033
123112 (base 4) to base 6
12034
22101 (base 5) to base 10
1526
Convert -2217 (base 10) to base 9.
-3033
What is -122020012 (base 3) in base 16?
-3110
Convert 660 (base 16) to base 10.
1632
Convert -3056 (base 11) to base 14.
-1698
2132 (base 4) to base 3
12212
22205 (base 6) to base 16
c1d
-10010111000101 (base 2) to base 10
-9669
2480 (base 13) to base 15
17ee
-4610 (base 10) to base 8
-11002
-11762 (base 8) to base 15
-17a6
What is -10330 (base 4) in base 8?
-474
Convert 1666 (base 10) to base 8.
3202
What is -2014 (base 7) in base 6?
-3121
-11021021 (base 3) to base 8
-6050
Convert -1728 (base 10) to base 6.
-12000
Convert -996 (base 11) to base 5.
-14234
-7110 (base 9) to base 10
-5193
-8387 (base 11) to base 8
-25542
Convert -101011010111 (base 2) to base 13.
-1356
-2052 (base 7) to base 8
-1323
What is -3135 (base 10) in base 12?
-1993
What is 1000210 (base 3) in base 10?
750
Convert 3233 (base 10) to base 5.
100413
Convert -200201 (base 3) to base 16.
-1f9
Convert 33746 (base 11) to base 10.
48813
Convert 21220220 (base 3) to base 2.
1011010001111
What is 355 (base 6) in base 2?
10001111
231 (base 6) to base 3
10101
Convert 20a0 (base 11) to base 10.
2772
Convert 2243323 (base 5) to base 4.
21320033
2d11 (base 15) to base 6
112511
4804 (base 15) to base 2
11101111001000
What is 414 (base 9) in base 10?
337
-1003 (base 4) to base 15
-47
181 (base 11) to base 7
420
What is 1302043 (base 5) in base 16?
62b9
Convert 198b (base 12) to base 6.
22255
What is 195e (base 16) in base 5?
201434
Convert 13316 (base 9) to base 15.
2a06
Convert 2947 (base 12) to base 8.
11307
2c (base 13) to base 4
212
Convert 200431 (base 5) to base 14.
246a
Convert 15886 (base 12) to base 7.
155205
Convert 110010010000 (base 2) to base 12.
1a40
What is ea7 (base 16) in base 9?
5127
What is 64124 (base 7) in base 11?
109a5
Convert 414 (base 13) to base 14.
377
Convert 2201202 (base 3) to base 8.
3707
What is -100000001 (base 2) in base 11?
-214
Convert -287 (base 16) to base 6.
-2555
-21121 (base 3) to base 4
-3031
Convert 1162 (base 8) to base 13.
392
Convert -4655 (base 7) to base 14.
-89c
127406 (base 8) to base 11
30733
Convert 37374 (base 12) to base 16.
12448
Convert -f1a (base 16) to base 8.
-7432
Convert -3466 (base 10) to base 8.
-6612
What is 1418 (base 9) in base 6?
4542
What is 420 (base 6) in base 13?
c0
-2b4 (base 15) to base 9
-757
Convert 7560 (base 8) to base 4.
331300
-32126 (base 12) to base 8
-200456
What is 158c (base 13) in base 14?
1218
Convert -1443 (base 6) to base 8.
-603
Convert 154663 (base 7) to base 10.
30523
Convert 1bb9 (base 12) to base 3.
11201220
-22331 (base 5) to base 2
-11000110111
What is -14577 (base 8) in base 4?
-1211333
Convert 1111100000010 (base 2) to base 16.
1f02
102 (base 3) to base 15
b
Convert 4b (base 13) to base 9.
70
-10000010100 (base 2) to base 11
-86a
410415 (base 6) to base 3
1122122202
What is -ca8 (base 14) in base 6?
-15324
What is -41572 (base 8) in base 3?
-212200210
8614 (base 9) to base 6
45151
Convert -2c4 (base 13) to base 3.
-200110
What is -332420 (base 5) in base 4?
-2311122
-1130102 (base 4) to base 10
-5906
What is 492 (base 14) in base 5?
12122
Convert c682 (base 15) to base 11.
29597
What is 524 (base 9) in base 13?
26b
-36420 (base 7) to base 13
-4407
What is -1303230 (base 5) in base 13?
-b76c
Convert 3d (base 15) to base 8.
72
1101011011 (base 2) to base 7
2335
Convert -102022 (base 3) to base 4.
-10301
-611 (base 11) to base 8
-1342
What is 201110 (base 3) in base 15?
250
49 (base 10) to base 14
37
-203 (base 8) to base 15
-8b
Convert -1218 (base 9) to base 11.
-756
1ef (base 16) to base 15
230
Convert -11a (base 12) to base 10.
-166
Convert -141302 (base 5) to base 14.
-21a3
Convert -44088 (base 10) to base 2.
-1010110000111000
What is -63233 (base 7) in base 4?
-3303011
-439a (base 14) to base 7
-46053
-571 (base 12) to base 3
-1002211
-11000000010 (base 2) to base 9
-2088
-2638 (base 9) to base 13
-b93
186b (base 15) to base 6
40232
7318 (base 9) to base 15
18c8
What is -682 (base 9) in base 8?
-1060
What is 43443 (base 5) in base 10?
2998
What is 123112 (base 8) in base 16?
a64a
2178 (base 9) to base 13
96b
What is 9106 (base 10) in base 13?
41b6
2283 (base 9) to base 6
11503
What is 247 (base 10) in base 3?
100011
What is 6f (base 16) in base 2?
1101111
What is -11a19 (base 12) in base 8?
-56565
What is 304430 (base 5) in base 8?
23406
-10275 (base 9) to base 11
-5114
What is 1161 (base 7) in base 6?
2003
Convert 5231 (base 8) to base 5.
41323
What is -4017 (base 8) in base 10?
-2063
Convert -1022 (base 7) to base 3.
-111022
What is 10111110 (base 2) in base 14?
d8
-51265 (base 7) to base 8
-30315
What is -200200 (base 3) in base 5?
-4004
4320 (base 5) to base 14
2db
Convert 1011100 (base 6) to base 14.
137d2
Convert -1101000100111 (base 2) to base 10.
-6695
What is 10023332 (base 4) in base 8?
41376
What is -101010100111 (base 2) in base 9?
-3660
434243 (base 6) to base 12
18983
Convert 112220 (base 3) to base 9.
486
What is 1047 (base 12) in base 4?
12